
100201
11100111010 (base 2) to base 16
73a
What is -21161 (base 10) in base 12?
-102b5
Convert -10101001111 (base 2) to base 9.
-1770
38478 (base 9) to base 14
962a
Convert 13e2 (base 16) to base 12.
2b42
113120 (base 4) to base 15
69b
8530 (base 13) to base 6
221244
-101a (base 15) to base 14
-134c
What is 10000000011000011 (base 2) in base 15?
14721
Convert 1111110 (base 3) to base 16.
444
-26aa (base 16) to base 9
-14517
1465 (base 10) to base 4
112321
What is -26b2 (base 15) in base 13?
-39bc
-1b6 (base 14) to base 7
-1016
What is -9179 (base 16) in base 4?
-21011321
What is 1002201221 (base 3) in base 7?
120130
7847 (base 10) to base 12
465b
What is 1000111101 (base 2) in base 12?
3b9
What is 58a (base 15) in base 16?
4e7
Convert -947 (base 14) to base 3.
-2111200
-1011002100 (base 3) to base 10
-22662
Convert -1612 (base 7) to base 14.
-342
What is -76c7 (base 13) in base 4?
-10002230
What is -61520 (base 8) in base 3?
-1021212122
-222 (base 8) to base 11
-123
Convert 251 (base 10) to base 3.
100022
What is -17426 (base 8) in base 4?
-1330112
What is -233 (base 5) in base 7?
-125
Convert 670 (base 11) to base 10.
803
What is -3a0 (base 16) in base 3?
-1021101
-87 (base 13) to base 14
-7d
What is 101000011 (base 2) in base 12?
22b
f1 (base 16) to base 4
3301
What is -5023 (base 11) in base 14?
-2612
-79ba (base 15) to base 10
-25825
Convert -2011 (base 4) to base 9.
-157
a97 (base 16) to base 15
c0b
What is 1143 (base 7) in base 11?
355
-249 (base 14) to base 4
-13021
Convert 403 (base 8) to base 6.
1111
What is -1307 (base 8) in base 2?
-1011000111
What is 416 (base 15) in base 11?
768
What is 3387 (base 11) in base 12?
26ab
Convert -133 (base 10) to base 4.
-2011
5dc8 (base 15) to base 3
1000102022
-212 (base 4) to base 9
-42
Convert 536 (base 13) to base 3.
1012222
-3010422 (base 5) to base 7
-255545
What is -2d6a (base 16) in base 6?
-125454
Convert 2550 (base 6) to base 13.
3a5
-1763 (base 13) to base 4
-312011
-b24 (base 16) to base 4
-230210
What is 728 (base 12) in base 14?
544
-56 (base 10) to base 2
-111000
-1265d (base 14) to base 4
-23001223
68f (base 16) to base 2
11010001111
Convert 142 (base 12) to base 16.
c2
What is 1091 (base 14) in base 9?
3840
Convert -701 (base 12) to base 5.
-13014
-4952 (base 10) to base 12
-2a48
-23e0 (base 16) to base 3
-110121011
What is -4433 (base 6) in base 3?
-1102010
1001101011001 (base 2) to base 6
34533
What is 121002100 (base 3) in base 11?
88a1
What is 47020 (base 8) in base 14?
73d6
-51106 (base 7) to base 6
-133231
Convert -19a (base 11) to base 10.
-230
32232 (base 5) to base 4
202100
-2221442 (base 5) to base 15
-b84c
Convert 14b (base 16) to base 4.
11023
Convert 781a (base 12) to base 14.
4b9c
What is 48e5 (base 15) in base 5?
444030
-2021 (base 4) to base 11
-115
Convert -46 (base 15) to base 5.
-231
What is 30b (base 12) in base 2?
110111011
What is -299 (base 10) in base 6?
-1215
Convert -20101 (base 4) to base 7.
-1354
4034 (base 5) to base 10
519
Convert -c69 (base 16) to base 6.
-22413
1257 (base 9) to base 7
2515
Convert 51672 (base 8) to base 2.
101001110111010
18186 (base 9) to base 7
51411
Convert -301 (base 14) to base 3.
-210211
What is -1302320 (base 4) in base 5?
-213402
-58b (base 12) to base 7
-2261
What is 11 (base 11) in base 2?
1100
185b (base 15) to base 13
2519
What is 62426 (base 7) in base 8?
35714
112202 (base 4) to base 11
10a1
5e1 (base 16) to base 7
4250
Convert -1010001010 (base 2) to base 4.
-22022
-574 (base 8) to base 2
-101111100
What is -41323 (base 6) in base 5?
-134043
1303 (base 4) to base 15
7a
What is 98c (base 14) in base 11?
1467
Convert -2167 (base 14) to base 5.
-141100
What is 311203 (base 4) in base 8?
6543
-1f8 (base 16) to base 15
-239
What is -257 (base 8) in base 7?
-340
What is 154 (base 16) in base 8?
524
Convert c74 (base 13) to base 3.
2220122
What is -b87 (base 13) in base 6?
-13042
What is 131312 (base 4) in base 5?
30120
Convert -1789 (base 13) to base 15.
-107d
What is 1a00 (base 11) in base 15?
b46
What is 101242 (base 5) in base 7?
12454
-3113302 (base 4) to base 16
-35f2
Convert -112021010 (base 3) to base 14.
-3b0a
Convert -56cc (base 13) to base 15.
-3912
Convert 237 (base 10) to base 11.
1a6
Convert 71b9 (base 12) to base 7.
51045
What is -24608 (base 10) in base 3?
-1020202102
262b1 (base 14) to base 16
16e93
Convert 22132 (base 4) to base 15.
2ea
Convert 124153 (base 6) to base 4.
2300211
What is -1020 (base 8) in base 11?
-440
What is -184 (base 12) in base 14?
-136
Convert -40468 (base 10) to base 7.
-225661
What is 20741 (base 9) in base 14?
5006
-9cab (base 13) to base 8
-52666
Convert 40632 (base 9) to base 16.
6887
What is 19c75 (base 14) in base 10?
65567
Convert 17731 (base 8) to base 16.
1fd9
What is -1071 (base 13) in base 14?
-b97
Convert -b6b (base 15) to base 3.
-10112102
Convert -2322 (base 10) to base 11.
-1821
What is 1043 (base 5) in base 16?
94
100110001 (base 2) to base 9
368
-18a (base 16) to base 11
-329
1222 (base 5) to base 7
355
Convert -290 (base 11) to base 4.
-11111
What is -1318 (base 9) in base 16?
-3dd
Convert -5652 (base 12) to base 11.
-7207
Convert -30042 (base 5) to base 15.
-867
Convert 12992 (base 10) to base 9.
18735
What is -11451 (base 6) in base 5?
-23222
Convert 21410 (base 10) to base 4.
11032202
Convert -531 (base 8) to base 9.
-423
Convert 482a (base 12) to base 4.
1332202
Convert -162 (base 8) to base 12.
-96
What is 100000010110 (base 2) in base 13?
c33
-18670 (base 11) to base 2
-110010111101100
What is 6c3 (base 14) in base 12?
943
What is 6d (base 15) in base 5?
403
What is -6919 (base 15) in base 5?
-1203144
Convert -4002301 (base 5) to base 3.
-10012011220
What is 10140 (base 8) in base 9?
5667
Convert 7207 (base 9) to base 7.
21241
-110111111110 (base 2) to base 14
-143c
Convert -597 (base 15) to base 2.
-10011110011
Convert 5334 (base 11) to base 2.
1101110001111
What is -57e9 (base 15) in base 11?
-13032
What is 23320 (base 4) in base 12?
534
-44423 (base 5) to base 13
-1556
What is -4102 (base 5) in base 2?
-1000001111
10101000100 (base 2) to base 11
1016
Convert -13012 (base 4) to base 16.
-1c6
Convert -4b8 (base 12) to base 4.
-23030
Convert -110101101011000 (base 2) to base 14.
-a02c
What is -c237 (base 13) in base 5?
-1323443
What is -15513 (base 8) in base 2?
-1101101001011
-1dc (base 15) to base 4
-12300
What is -6424 (base 9) in base 3?
-20110211
What is 141443 (base 5) in base 6?
43105
Convert -11022201 (base 3) to base 4.
-301033
What is -22415 (base 6) in base 12?
-1a0b
10010111011 (base 2) to base 16
4bb
Convert 10332 (base 6) to base 13.
857
51012 (base 6) to base 9
10168
Convert 646 (base 11) to base 15.
36b
Convert 2234341 (base 5) to base 14.
107d1
What is 7dd (base 16) in base 15?
8e3
-1160 (base 7) to base 15
-1de
What is 1200 (base 9) in base 4?
31323
What is -415 (base 14) in base 16?
-323
Convert -500 (base 15) to base 11.
-933
Convert -a5e (base 15) to base 13.
-10ac
-75 (base 12) to base 10
-89
What is -30e3 (base 16) in base 11?
-9448
1021033 (base 4) to base 2
1001001001111
331331 (base 6) to base 2
110101110100111
What is -a63 (base 13) in base 10?
-1771
What is -157 (base 16) in base 11?
-292
What is 3132 (base 4) in base 11?
192
-33013 (base 4) to base 10
-967
Convert -1923 (base 10) to base 13.
-b4c
What is -111000000 (base 2) in base 3?
-121121
-2128 (base 10) to base 6
-13504
Convert 10031 (base 6) to base 10.
1315
Convert -b90 (base 16) to base 8.
-5620
What is -5c9 (base 14) in base 13?
-6b0
Convert 751 (base 9) to base 14.
31b
13e0 (base 16) to base 15
1793
1344233 (base 5) to base 11
1a0a7
What is -41605 (base 11) in base 12?
-2b102
Convert 432 (base 8) to base 11.
237
What is a6 (base 15) in base 9?
183
What is -1795 (base 11) in base 5?
-33112
What is 4416 (base 7) in base 13?
948
What is 10001000101101 (base 2) in base 9?
13001
Convert 16420 (base 15) to base 5.
4244210
What is 1121102 (base 4) in base 15?
1a5e
9a9 (base 13) to base 6
11404
Convert -52 (base 6) to base 9.
-35
3962 (base 10) to base 14
1630
What is -b7 (base 14) in base 10?
-161
-37335 (base 8) to base 12
-9391
353515 (base 6) to base 13
10c46
22923 (base 10) to base 5
1213143
101110110101101 (base 2) to base 6
303005
What is -474 (base 9) in base 6?
-1451
